NOAA Reports/Αναφορές NOAA

Select a Year or Month report
2017 > Jan Feb Mar Apr May Jun Jul Aug Sep Oct Nov Dec
2016 > Jan Feb Mar Apr May Jun Jul Aug Sep Oct Nov Dec
2015 > Jan Feb Mar Apr May Jun Jul Aug Sep Oct Nov Dec
2014 > Jan Feb Mar Apr May Jun Jul Aug Sep Oct Nov Dec

Report for 2017 09
                   MONTHLY CLIMATOLOGICAL SUMMARY for SEP. 2017

NAME: agiavarvara   CITY: Agia Varvara   STATE:  
ELEV:   590 m  LAT: 35.1N  LONG: 25.0E

                   TEMPERATURE (C), RAIN  (mm), WIND SPEED (km/hr)

                                      HEAT  COOL        AVG
    MEAN                              DEG   DEG         WIND                 DOM
DAY TEMP  HIGH   TIME   LOW    TIME   DAYS  DAYS  RAIN  SPEED HIGH   TIME    DIR
------------------------------------------------------------------------------------
 1  20.6  25.5   14:30  15.9    3:10   0.4   2.7   0.0  10.1  35.4    9:30     N
 2  22.4  28.2   14:10  16.4   23:50   0.1   4.2   0.0   7.4  30.6   12:20     N
 3  24.4  31.6   15:20  16.3    0:10   0.1   6.3   0.0   3.1  24.1   13:00     N
 4  22.7  28.9   14:30  17.8    6:30   0.0   4.5   0.0   4.7  24.1   18:20    NE
 5  21.6  27.1   13:30  16.3    2:10   0.2   3.4   0.0   4.5  29.0   15:20     N
 6  19.3  23.2   13:20  14.6   23:40   0.5   1.6   0.0  10.1  41.8    8:20     N
 7  19.3  24.1   14:00  14.8    0:10   0.9   1.9   0.0   8.2  33.8    8:30     N
 8  19.9  26.9   14:40  12.5    7:10   1.6   3.1   0.0   1.9  19.3   17:00     N
 9  22.6  29.3   13:20  15.6    7:20   0.3   4.6   0.0   3.4  29.0   15:50    SW
10  25.5  31.3   14:50  20.4   21:40   0.0   7.2   0.0   6.1  35.4   13:50    SW
11  26.3  32.3   12:40  19.7    2:20   0.0   8.0   0.0   5.1  30.6   14:50    SW
12  23.0  26.7   14:20  17.8   23:50   0.0   4.7   0.0   6.6  32.2    1:30    SW
13  21.0  28.3   13:30  14.6    7:10   0.6   3.3   0.2   2.7  27.4   16:30    NE
14  22.4  27.7   13:30  15.2    3:20   0.3   4.4   0.2   5.6  35.4   13:00    NE
15  21.8  27.4   14:40  15.4    4:30   0.5   3.9   0.0   3.7  25.7   14:10    NE
16  21.3  27.2   14:20  14.3    4:20   0.5   3.6   0.0   4.7  24.1   17:00     N
17  21.8  27.7   13:00  13.5    4:10   0.4   3.9   0.0   5.6  24.1   14:00     N
18  25.2  31.4   15:50  19.8    6:20   0.0   6.9   0.0   5.6  25.7   11:10     N
19  24.3  31.9    9:50  20.2    2:40   0.0   2.5   0.0   0.3  17.7    5:00     W
20
21
22
23
24
25
26
27
28
29
30
-------------------------------------------------------------------------------------
    22.4  32.3    11    12.5     8     6.4  80.8   0.4   5.2  41.8     6       N

Max >=  32.0:  1
Max <=   0.0:  0
Min <=   0.0:  0
Min <= -18.0:  0
Max Rain: 0.20 ON 13/09/17
Days of Rain: 2 (> .2 mm) 0 (> 2 mm) 0 (> 20 mm)
Heat Base:  18.3  Cool Base:  18.3  Method: Integration